+ z. What are the prime factors of x?
2, 83
List the prime factors of (-18188)/6*(-15)/10.
4547
Let r(l) = 3*l**3 - 4*l**2 - 47*l + 258. List the prime factors of r(7).
2, 3, 127
Let l(w) = 3*w**2 - 3*w + 360. Let a = 80 - 80. List the prime factors of l(a).
2, 3, 5
Suppose 0 = -4*p + 3*m - 2975 + 11025, -2*p - 4*m = -4036. What are the prime factors of p?
2, 19, 53
Let q = -5748 - -19561. What are the prime factors of q?
19, 727
Let n(i) = -7*i**3 + 121*i**2 - 20. What are the prime factors of n(-8)?
2, 11, 257
Let r be (8/12)/((-6)/369). Let f = 57 + r. Let o(c) = 2*c**2 - 25*c - 16. List the prime factors of o(f).
2, 3
Suppose -118*y + 122*y - 2488 = 0. Suppose -248 = -6*u + y. List the prime factors of u.
5, 29
Let y(q) = -142*q + 865. List the prime factors of y(-89).
3, 7, 643
Suppose o - 3*t - 505 = 0, -2*o - 4*t + 2468 = 3*o. Suppose -8*h = -10*h + o. List the prime factors of h.
2, 31
Let o(v) = 12*v**2 + 11*v + 45. Let w be o(-7). Suppose -2*m = -358 - w. List the prime factors of m.
457
Suppose 0 = -176*p - 66*p + 3830493 + 271891. What are the prime factors of p?
2, 13, 163
Let h(v) = -v + 86. Let c(t) = -t**3 - 9*t**2 + t + 9. Let p be c(-9). Let b be -1*(p/(-2))/3. List the prime factors of h(b).
2, 43
Let a = -202 + 204. Suppose o + 0*o - 1036 = -a*q, 3*o = -4*q + 2070. What are the prime factors of q?
3, 173
What are the prime factors of 128954/56 - (-5)/20?
7, 47
Let c(o) = 10*o**2 - 11*o - 34. Suppose -4*x + 8 = 3*y - 3*x, -5*y + 16 = -x. Suppose -g = b + 4, 0*g - b = -y*g - 12. What are the prime factors of c(g)?
2, 5, 17
Let g = -3849 + 4634. List the prime factors of g.
5, 157
Let p(u) = -7*u + 87. Let y be 4 + -3 - (1 + (-8)/2). What are the prime factors of p(y)?
59
Let b(v) = 7*v**2 + 114*v + 51. List the prime factors of b(-17).
2, 17
Suppose 4*q - 1727 - 45969 = -4*o, -4*q = 2*o - 23862. List the prime factors of o.
17, 701
Suppose 50381 = 12*h + 11453. What are the prime factors of h?
2, 811
Let h(q) = -136*q + 71. Let b be h(-6). Let t = b - 265. What are the prime factors of t?
2, 311
Let i(g) = g**2 + 3*g - 13. Suppose -4*y = -16, -179 = 3*p - 0*y + y. Let j = 69 + p. List the prime factors of i(j).
3, 5
Let f(i) = 25*i**3 - 10*i**2 + 96*i - 969. List the prime factors of f(11).
2, 4019
Let t be (10/(-3))/(2/(-24)). Suppose 40*q - 888 = 152. Let h = t - q. List the prime factors of h.
2, 7
Let u(d) = 22*d**2 - 5*d + 15. What are the prime factors of u(3)?
2, 3, 11
Let p be 212/16*4 - 4. Suppose p*w = 33*w + 5520. What are the prime factors of w?
3, 5, 23
Let l be (8 + -4 + -3*53)*-1. Suppose -y + l = -197. List the prime factors of y.
2, 11
Let g = 455 + -107. Suppose 10*x = 8*x + g. What are the prime factors of x?
2, 3, 29
Suppose -22*y + 56000 = 3*y. Suppose 796*w - 794*w = y. List the prime factors of w.
2, 5, 7
Let o = 89222 - 61991. What are the prime factors of o?
3, 29, 313
List the prime factors of ((-87586)/4)/1*(707 - 709) + -1.
2, 7, 17, 23
Let g = 17964 + -4827. List the prime factors of g.
3, 29, 151
Suppose z - 1 - 9 = 4*q, 3*z - q + 25 = 0. Let d be (-1)/(-4)*z*(-24)/30. Suppose -10*y + 576 = -d*y. What are the prime factors of y?
2, 3
What are the prime factors of (-2)/3 - (-119728)/168?
2, 89
Let n(u) = u**3 - 5*u**2 - 21*u. Let b(l) = 3*l - 65. Let y be b(25). What are the prime factors of n(y)?
2, 5, 29
Let i(y) = y**2 - 3*y - 20. Let o be i(24). Suppose 0 = 7*s - 11*s - 4*h + o, -4*s = -5*h - 466. What are the prime factors of s?
7, 17
Suppose 4*j + 130698 = 3*f, -f - 21*j + 24*j = -43581. List the prime factors of f.
2, 3, 7, 17, 61
Let f(i) = -314*i**3 + 2*i**2 - 34*i - 107. List the prime factors of f(-3).
7, 1213
Suppose -2*s - 3*z = -7302, -4*s + 5*z + 5877 = -8749. What are the prime factors of s?
2, 3, 7, 29
Suppose 0 = -16*u + 151 + 57. Suppose -4460 = 9*g - u*g. List the prime factors of g.
5, 223
Let g(y) = -y**2 + 487*y - 11. What are the prime factors of g(18)?
8431
Let u be (-1 + (-15)/(-6))/((-2)/(-4)). Suppose u*y = -5*n + 2421, -y + 6 = 2*y. Let a = n + -338. What are the prime factors of a?
5, 29
List the prime factors of (-40)/8 - (-1230)/(7 + -5).
2, 5, 61
Let b be 6 + (-7)/(35/(-15565)). Suppose v + 1259 = 2*o, b = 3*o + 2*v + 1234. List the prime factors of o.
17, 37
Let i(s) = 14*s**3 + 7*s**2 - 6*s + 3. Let k be i(2). Let l = 179 - k. List the prime factors of l.
2, 3
Suppose 0 = -24*v + 20*v + 24. Let i be v/(-21) + 3026/7. Suppose -3*s = -2*m - 260, 3*m + i = 5*s - 0*m. List the prime factors of s.
2, 3, 7
Let n(r) = -r**2 + 31*r + 5. Let i(j) = j**3 - 18*j**2 + 4. Let t be i(18). Let z be t/5*10/8*26. List the prime factors of n(z).
3, 5
Let c = 12 + 58. Suppose -3*q + c = -q. List the prime factors of q.
5, 7
Let t be ((-2)/4)/(1/6). Let k be ((-6)/(-4))/(t - (-81)/24). Suppose 113 - 1 = k*z. List the prime factors of z.
2, 7
Let i = 29824 + -17481. What are the prime factors of i?
12343
Let r = -37 - -32. Let n be (-6213)/(-95) - (6/r)/(-3). Suppose 0 = 2*k + 2*u - n - 139, 0 = 3*u + 12. What are the prime factors of k?
2, 53
Let l = -78922 + 145669. List the prime factors of l.
3, 19, 1171
Suppose -5*r + 6*r = 2*n - 52234, -3*r + 130596 = 5*n. List the prime factors of n.
2, 3, 1451
Suppose 0 = 2*n - a - 43, -2*n - 3*a - a = -68. Suppose 11858 = n*r - 2*r. List the prime factors of r.
7, 11
Let x(c) = c + 2. Let r be x(4). Let p be (0/15)/2 - (0 + -2). List the prime factors of 5064/54 + r - p/(-9).
2, 5
Let g = 10488 + 1492. List the prime factors of g.
2, 5, 599
Suppose -575 = 8*d + 41. Let u = d - -173. List the prime factors of u.
2, 3
Let y(a) = 2*a + 4. Let m be y(-6). Let n be 24/m*1/(-3). Suppose -5*h + 4*z + n = -4*h, 4*h = 5*z + 26. What are the prime factors of h?
3
Suppose -7*z = -70798 - 107674. What are the prime factors of z?
2, 3187
List the prime factors of (-4)/(60/(-364065)) - 22.
3, 59, 137
Let u(c) = 8*c**3 - 133*c**2 + 68*c + 25. List the prime factors of u(25).
2, 5, 109
Suppose -h + 4*h = 210. Suppose -5*g - h = -12*g. Let c(o) = o**3 - 9*o**2 + 4*o - 15. List the prime factors of c(g).
5
Let i be ((-20)/35)/((-4)/70). Let c(q) = -q**2 + 8*q + 3. Let a be c(i). Let t(d) = d**2 + 14*d - 35. What are the prime factors of t(a)?
2
What are the prime factors of -4*(-7545)/(-10)*(6 + -8) - 2?
2, 7, 431
Let z(p) = 98*p**2 - 197*p - 2480. List the prime factors of z(-15).
5, 17, 53
Let m = 46174 + -30471. What are the prime factors of m?
41, 383
Suppose 5*p = 3*u - 6, 0 = -2*p - u - 0 + 2. Let v(c) = 7*c + 28 + 6*c + c + p*c. What are the prime factors of v(11)?
2, 7, 13
Suppose 5*t + 177 = 4*o, 0*o + 3*t - 126 = -3*o. Let r = o - 15. Suppose -5*l = -3*p - 101, 40 + r = 4*l + 4*p. What are the prime factors of l?
19
Let r(k) = k**3 + 5*k**2 - 6*k + 12. Let v be r(-6). Suppose 3*u - v*u = -18. Suppose u*i - 2 = 30. What are the prime factors of i?
2
Suppose 319 = o - 397. Let z = o + -422. Suppose -z = -5*u - 5*p + p, 5*p = -20. List the prime factors of u.
2, 31
Suppose 2967 = h + 4*x, 3*h - 2*x = -2406 + 11265. List the prime factors of h.
3, 5, 197
Suppose -8*g + 4*g = -12. Suppose g*d - 41 - 739 = 0. List the prime factors of d.
2, 5, 13
Let b(u) be the first derivative of u**4/2 - 5*u**3 - 5*u**2/2 + 25*u + 173. What are the prime factors of b(13)?
17, 107
Let v(w) = 1475*w**2 + 210*w + 67. List the prime factors of v(-5).
2, 3, 997
Suppose -165435 = -5*n - 2*d + 126116, -4*n + 5*d = -233221. List the prime factors of n.
58309
Let x(k) = -k - 11. Let z be x(-13). Let r be (-26)/(-13) - (1*-2 + z). Suppose -5*s - 4*v = -440, r*s - 85 = -5*v + 74. List the prime factors of s.
2, 23
Let v(i) = -i**3 + 70*i**2 + 216*i + 109. What are the prime factors of v(72)?
67, 79
Let t = 6362 + 2543. What are the prime factors of t?
5, 13, 137
Suppose 0 = -182*r + 176*r - 1920. List the prime factors of (111/12 + -4)*r/(-12).
2, 5, 7
Let v = 124759 + -44756. What are the prime factors of v?
7, 11, 1039
Suppose 0 = -4*d - 6*d + 8040. Suppose d = -75*s + 79*s. List the prime factors of (-13 + s)*1/2.
2, 47
Let f(o) = -o. Let d(s) = -12*s**3 - 4*s**2 - 46*s + 11. Let q(c) = d(c) + 3*f(c). What are the prime factors of q(-5)?
2, 3, 23
List the prime factors of -13 + (-1869)/(-147) + 230708/7.
2, 3, 1831
Let f = -25 + 14. Let w = 15 + f. Suppose 0 = -w*t + 91 +